{"id":32854,"date":"2026-03-06T15:13:32","date_gmt":"2026-03-06T18:13:32","guid":{"rendered":"https:\/\/sbu-sp.org.br\/medicos\/?page_id=32854"},"modified":"2026-04-27T11:25:20","modified_gmt":"2026-04-27T14:25:20","slug":"sbuhub","status":"publish","type":"page","link":"https:\/\/sbu-sp.org.br\/medicos\/projetos\/sbuhub\/","title":{"rendered":"SBU HUB"},"content":{"rendered":"<div class=\"wpb-content-wrapper\"><p>[vc_row full_width=&#8221;stretch_row_content&#8221; css=&#8221;.vc_custom_1713656253418{background-position: center !important;background-repeat: no-repeat !important;background-size: cover !important;}&#8221;][vc_column css=&#8221;.vc_custom_1713656248568{padding-left: 33px !important;}&#8221;][vc_row_inner][vc_column_inner width=&#8221;3\/4&#8243;]<div class=\"boc_spacing \" style=\"height: 13px\"><\/div>[vc_column_text css=&#8221;&#8221; css_animation=&#8221;boc_animate_when_almost_visible boc_fade-in&#8221;]<img decoding=\"async\" class=\"alignnone size-full wp-image-33110\" src=\"https:\/\/sbu-sp.org.br\/medicos\/wp-content\/uploads\/2026\/04\/cabecalho_sbuhub_3.png\" alt=\"SBU HUB\" width=\"919\" \/>[\/vc_column_text]<div class=\"boc_spacing \" style=\"height: 40px\"><\/div>[vc_column_text css=&#8221;&#8221; css_animation=&#8221;boc_animate_when_almost_visible boc_fade-in&#8221; el_class=&#8221;position&#8221;]<a class=\"zoom\" href=\"https:\/\/sbu-sp.org.br\/medicos\/projetos\/\"><img decoding=\"async\" class=\"alignnone size-full wp-image-26680\" src=\"https:\/\/sbu-sp.org.br\/medicos\/wp-content\/uploads\/2024\/04\/btn_voltar.png\" alt=\"\" width=\"120\" srcset=\"https:\/\/sbu-sp.org.br\/medicos\/wp-content\/uploads\/2024\/04\/btn_voltar.png 396w, https:\/\/sbu-sp.org.br\/medicos\/wp-content\/uploads\/2024\/04\/btn_voltar-300x72.png 300w, https:\/\/sbu-sp.org.br\/medicos\/wp-content\/uploads\/2024\/04\/btn_voltar-391x95.png 391w\" sizes=\"(max-width: 396px) 100vw, 396px\" \/><\/a>[\/vc_column_text][\/vc_column_inner][vc_column_inner width=&#8221;1\/4&#8243;]<div class=\"boc_spacing \" style=\"height: 40px\"><\/div>[\/vc_column_inner][\/vc_row_inner][vc_row_inner css=&#8221;.vc_custom_1772821279178{margin-top: -60px !important;}&#8221;][vc_column_inner width=&#8221;5\/6&#8243;][vc_column_text css=&#8221;.vc_custom_1776362925526{padding-left: 45px !important;}&#8221;]<\/p>\n<h2>Projeto SBU HUB &#8211; Pesquisa<\/h2>\n<p>[\/vc_column_text]<div class=\"boc_divider_holder\"><div class=\"boc_divider  \"  style=\"margin-top: 20px;margin-bottom: 20px;height: 2px;background: #9e0f0f;\"><\/div><\/div>[vc_column_text css=&#8221;.vc_custom_1773767571218{padding-top: 40px !important;padding-right: 40px !important;padding-bottom: 40px !important;padding-left: 40px !important;}&#8221;]O <strong>SBU HUB<\/strong> \u00e9 um banco de dados online que re\u00fane estudos de pesquisa cl\u00ednica e seus resultados. O objetivo \u00e9 fornecer informa\u00e7\u00f5es ao p\u00fablico, pesquisadores e profissionais de sa\u00fade.[\/vc_column_text][\/vc_column_inner][vc_column_inner width=&#8221;1\/6&#8243;][\/vc_column_inner][\/vc_row_inner][\/vc_column][\/vc_row][vc_row css=&#8221;.vc_custom_1772821362621{margin-top: -60px !important;}&#8221;][vc_column css=&#8221;.vc_custom_1773767452243{padding-bottom: 400px !important;}&#8221;][vc_row_inner css=&#8221;.vc_custom_1713657250821{padding-top: 40px !important;}&#8221;][vc_column_inner]<a\thref=\"https:\/\/sbu-sp.org.br\/medicos\/sbuhub\/busca\/\" \n\t\t\t\tclass=\"button btn_huge btn_theme_color btn_rounded btn_normal_style icon_pos_before   \"  target='_self'> <i class='icon icon-search3'><\/i> <span>BUSCA DE ESTUDOS<\/span><\/a><a\thref=\"https:\/\/sbu-sp.org.br\/medicos\/sbuhub\/estudos-clinicos\/\" \n\t\t\t\tclass=\"button btn_huge btn_orange btn_rounded btn_normal_style icon_pos_before   \"  target='_self'> <i class='icon icon-bookmark-o'><\/i> <span>ENVIE SEUS ESTUDOS<\/span><\/a>[\/vc_column_inner][\/vc_row_inner][\/vc_column][\/vc_row]<\/p>\n<\/div>","protected":false},"excerpt":{"rendered":"<p>[vc_row full_width=&#8221;stretch_row_content&#8221; css=&#8221;.vc_custom_1713656253418{background-position: center !important;background-repeat: no-repeat !important;background-size: cover !important;}&#8221;][vc_column css=&#8221;.vc_custom_1713656248568{padding-left: 33px !important;}&#8221;][vc_row_inner][vc_column_inner width=&#8221;3\/4&#8243;][vc_column_text css=&#8221;&#8221; css_animation=&#8221;boc_animate_when_almost_visible boc_fade-in&#8221;][\/vc_column_text][vc_column_text css=&#8221;&#8221; css_animation=&#8221;boc_animate_when_almost_visible boc_fade-in&#8221; el_class=&#8221;position&#8221;][\/vc_column_text][\/vc_column_inner][vc_column_inner width=&#8221;1\/4&#8243;][\/vc_column_inner][\/vc_row_inner][vc_row_inner css=&#8221;.vc_custom_1772821279178{margin-top: -60px !important;}&#8221;][vc_column_inner width=&#8221;5\/6&#8243;][vc_column_text css=&#8221;.vc_custom_1776362925526{padding-left: 45px !important;}&#8221;] Projeto SBU HUB &#8211; Pesquisa [\/vc_column_text][vc_column_text css=&#8221;.vc_custom_1773767571218{padding-top: 40px !important;padding-right: 40px !important;padding-bottom: 40px !important;padding-left: 40px !important;}&#8221;]O SBU HUB \u00e9 um banco de dados online que re\u00fane estudos de pesquisa cl\u00ednica e seus resultados.<\/p>\n<div class=\"h10\"><\/div>\n<p><a class=\"more-link1\" href=\"https:\/\/sbu-sp.org.br\/medicos\/projetos\/sbuhub\/\">Leia mais<\/a><\/p>\n","protected":false},"author":3,"featured_media":0,"parent":162,"menu_order":0,"comment_status":"closed","ping_status":"closed","template":"","meta":{"footnotes":"","_links_to":"","_links_to_target":""},"class_list":["post-32854","page","type-page","status-publish","hentry"],"_links":{"self":[{"href":"https:\/\/sbu-sp.org.br\/medicos\/wp-json\/wp\/v2\/pages\/32854","targetHints":{"allow":["GET"]}}],"collection":[{"href":"https:\/\/sbu-sp.org.br\/medicos\/wp-json\/wp\/v2\/pages"}],"about":[{"href":"https:\/\/sbu-sp.org.br\/medicos\/wp-json\/wp\/v2\/types\/page"}],"author":[{"embeddable":true,"href":"https:\/\/sbu-sp.org.br\/medicos\/wp-json\/wp\/v2\/users\/3"}],"replies":[{"embeddable":true,"href":"https:\/\/sbu-sp.org.br\/medicos\/wp-json\/wp\/v2\/comments?post=32854"}],"version-history":[{"count":3,"href":"https:\/\/sbu-sp.org.br\/medicos\/wp-json\/wp\/v2\/pages\/32854\/revisions"}],"predecessor-version":[{"id":33237,"href":"https:\/\/sbu-sp.org.br\/medicos\/wp-json\/wp\/v2\/pages\/32854\/revisions\/33237"}],"up":[{"embeddable":true,"href":"https:\/\/sbu-sp.org.br\/medicos\/wp-json\/wp\/v2\/pages\/162"}],"wp:attachment":[{"href":"https:\/\/sbu-sp.org.br\/medicos\/wp-json\/wp\/v2\/media?parent=32854"}],"curies":[{"name":"wp","href":"https:\/\/api.w.org\/{rel}","templated":true}]}}